
In base 13, what is -86a + -7?
-874
In base 12, what is 133 - 3?
130
In base 8, what is -1 - -55?
54
In base 9, what is 2 - 122?
-120
In base 8, what is -572 + 3?
-567
In base 13, what is 0 + -b4?
-b4
In base 4, what is -313 + 1320?
1001
In base 12, what is -5 + 54?
4b
In base 12, what is bb - -3?
102
In base 8, what is -2 + 42?
40
In base 7, what is -1102 + -33?
-1135
In base 11, what is -82 - 7?
-89
In base 13, what is 5 - -1a10?
1a15
In base 5, what is -1230313 + -1?
-1230314
In base 5, what is -31 - 1140?
-1221
In base 14, what is 1a4 + 1?
1a5
In base 8, what is -3 - 131?
-134
In base 8, what is -27 - 10?
-37
In base 6, what is -12 + 41?
25
In base 13, what is 4 - -43?
47
In base 10, what is 181 - 37?
144
In base 6, what is -3 - 434?
-441
In base 8, what is 67050 - 0?
67050
In base 3, what is 10222 - 12?
10210
In base 3, what is 10222021 - -12?
10222110
In base 10, what is 5 - 604?
-599
In base 8, what is -5 - -1315?
1310
In base 4, what is -3320 - 0?
-3320
In base 5, what is 34 - -121?
210
In base 15, what is 2 + -28?
-26
In base 5, what is 422 - -2?
424
In base 10, what is -9 - 52?
-61
In base 7, what is 1 - -2503?
2504
In base 13, what is 73 + 52?
c5
In base 12, what is 3a + 288?
306
In base 4, what is -2010313 + 1?
-2010312
In base 10, what is -2 + 79?
77
In base 15, what is 23c - -4?
241
In base 3, what is 12222 + 1111?
21110
In base 6, what is 2 - -1012?
1014
In base 12, what is -3 + -144?
-147
In base 11, what is 3 - -12?
15
In base 5, what is -1 - -2010?
2004
In base 13, what is -7 + 0?
-7
In base 12, what is -5 + 357?
352
In base 12, what is 44 - 2?
42
In base 3, what is 10012021 + -12?
10012002
In base 2, what is 1 + 11001100?
11001101
In base 8, what is -4051 + 4?
-4045
In base 3, what is -101022 - -112?
-100210
In base 12, what is 4 + 1bb?
203
In base 3, what is -10221 + 1?
-10220
In base 16, what is -3 - 40b?
-40e
In base 14, what is -21d - 1?
-220
In base 9, what is 4 - -6?
11
In base 8, what is -550 - -77?
-451
In base 14, what is 31 - -1?
32
In base 13, what is -34 + -2?
-36
In base 7, what is 20 + 6145?
6165
In base 13, what is 4 + -47c?
-478
In base 15, what is -5 - -80?
7a
In base 13, what is -1049 - 1?
-104a
In base 7, what is 305 + -5?
300
In base 15, what is -5 + -128?
-12d
In base 8, what is 1030 + -3?
1025
In base 2, what is -11101100 + -1?
-11101101
In base 7, what is 0 - -21503?
21503
In base 16, what is 261 + 2?
263
In base 16, what is 22a + 2?
22c
In base 12, what is -1297 - 7?
-12a2
In base 11, what is 1587 + 1?
1588
In base 4, what is 202 - -313?
1121
In base 14, what is 579 - -26?
5a1
In base 5, what is 0 + -32?
-32
In base 2, what is -10001111011 - 100?
-10001111111
In base 9, what is 4 - -138?
143
In base 2, what is -10001011001 + -10?
-10001011011
In base 16, what is -3e + 16?
-28
In base 5, what is 1 + -132?
-131
In base 11, what is -1537 - -3?
-1534
In base 6, what is 1 + -355?
-354
In base 15, what is -44 + -250?
-294
In base 11, what is 340 + -4?
337
In base 14, what is 7 + 16?
1d
In base 4, what is 11 - -1133?
1210
In base 9, what is 166 - 0?
166
In base 3, what is 12 + -12012021?
-12012002
In base 2, what is -11 + 10100?
10001
In base 9, what is -184 - 5?
-200
In base 9, what is 5 + -1083?
-1077
In base 4, what is -102303 - 2?
-102311
In base 16, what is -5 - 4f?
-54
In base 13, what is 10 + -5a?
-4a
In base 6, what is -4111 + 4?
-4103
In base 6, what is -104 + 5?
-55
In base 2, what is 11 - -101111?
110010
In base 11, what is 4774 + 3?
4777
In base 10, what is 0 - 0?
0
In base 5, what is -33 - -4?
-24
In base 7, what is 3463 + -3?
3460
In base 6, what is 4 + -104?
-100
In base 13, what is 3 - -1c5?
1c8
In base 10, what is -488 + -13?
-501
In base 4, what is -10 + -1232?
-1302
In base 6, what is -3332 + 0?
-3332
In base 16, what is -1c59 + 3?
-1c56
In base 10, what is 1749 + 1?
1750
In base 3, what is 11 + 110100021?
110100102
In base 15, what is 5 + -d5?
-d0
In base 12, what is 5 - -2a60?
2a65
In base 10, what is 3 + 61?
64
In base 10, what is -4 - -482?
478
In base 5, what is 2 + -101?
-44
In base 4, what is 13 - 1103?
-1030
In base 16, what is -f - d?
-1c
In base 12, what is -479 + 6?
-473
In base 10, what is -4 + 9?
5
In base 3, what is 20001 + 12?
20020
In base 3, what is -1220122 + -2?
-1220201
In base 15, what is 2451 + 3?
2454
In base 6, what is 23 + -215?
-152
In base 5, what is 233 + 1111?
1344
In base 10, what is -4 - 2688?
-2692
In base 6, what is -53 - -3?
-50
In base 7, what is 2346 - -3?
2352
In base 13, what is 0 - 195?
-195
In base 16, what is -a - -3e?
34
In base 9, what is -2135 - 2?
-2137
In base 13, what is -12b0 + 1?
-12ac
In base 12, what is -2 + 993?
991
In base 15, what is 3 + -a35?
-a32
In base 6, what is -21 + -31?
-52
In base 8, what is 154 + 4?
160
In base 7, what is 401 + -5?
363
In base 3, what is -100 - -2212121?
2212021
In base 5, what is 11 + 141142?
141203
In base 14, what is 475 - -1?
476
In base 11, what is -5 - 3128?
-3132
In base 14, what is 7 - -c?
15
In base 8, what is 235 - 2?
233
In base 16, what is -22 - 7?
-29
In base 14, what is 5 + -c3?
-bc
In base 13, what is -3 - 1048?
-104b
In base 6, what is -2 + -34?
-40
In base 16, what is -40 + -c4?
-104
In base 8, what is 22 + -350?
-326
In base 15, what is 36 - 10?
26
In base 13, what is 2707 + 5?
270c
In base 11, what is 1a09 + 0?
1a09
In base 9, what is 45 - -408?
454
In base 14, what is -4 + -9a2?
-9a6
In base 9, what is 147 + 1?
148
In base 9, what is -3 - 34?
-37
In base 3, what is 2 + -2010?
-2001
In base 14, what is aa - -5?
b1
In base 5, what is -1232 - -413?
-314
In base 13, what is -1 - 244?
-245
In base 8, what is 3421 + -3?
3416
In base 16, what is e - 7?
7
In base 5, what is -113 - -1131?
1013
In base 5, what is 144113 - 4?
144104
In base 5, what is -1020 - 2?
-1022
In base 3, what is 11 + 111020?
111101
In base 2, what is 11101101011 + 100?
11101101111
In base 8, what is -12 + -730?
-742
In base 14, what is -3 + -1b?
-20
In base 5, what is -2 - -3122?
3120
In base 3, what is -12100 - 11?
-12111
In base 2, what is -111100100 + -11?
-111100111
In base 13, what is -16 + 125?
10c
In base 16, what is 78 - -2?
7a
In base 2, what is 1001 - -100?
1101
In base 8, what is -10 + 272?
262
In base 4, what is 2 - 11231?
-11223
In base 4, what is -33 + -21311?
-22010
In base 16, what is -1 - 7f?
-80
In base 10, what is -51 + 6?
-45
In base 4, what is -10212 - -2?
-10210
In base 12, what is 4 + 48?
50
In base 4, what is 132203 + 2?
132211
In base 5, what is 3 - 10?
-2
In base 6, what is -2 + -24343?
-24345
In base 7, what is 1 - 3?
-2
In base 3, what is 1002012 + 11?
1002100
In base 3, what is 20021 - 1?
20020
In base 4, what is 1 + 11200?
11201
In base 15, what is 5 + -23?
-1d
In base 3, what is -1021 - -1211222?
1210201
In base 4, what is 213 + 110?
323
In base 11, what is -2 - 20?
-22
In base 4, what is 100210 + 10?
100220
In base 6, what is -3 - 23143?
-23150
In base 11, what is 843 - -3?
846
In base 2, what is -100000 - -11011?
-101
In base 7, what is -255 - 251?
-536
In base 15, what is -2 - -a25?
a23
In base 9, what is 171 - -4?
175
In base 13, what is -5ca9 - 5?
-5cb1
In base 5, what is -2 - -3?
1
In base 6, what is -11215 - 5?
-11224
In base 6, what is 1 - 13121?
-13120
In base 10, what is -319 + 27?
-292
In base 12, what is -2 - 1a5?
-1a7
In base 9, what is 3 - -163?
166
In base 10, what is 8 + -574?
-566
In base 12, what is 447 - 0?
447
In base 4, what is 2 + -232?
-230
In base 2, what is -111 + -1010011?
-1011010
In base 12, what is a2 + 77?
159
In base 4, what is -1013 - 11?
-1030
In base 5, what is 1 + 2411?
2412
In base 14, what is 241 + -b?
234
In base 2, what is 0 - -10110100?
10110100
In base 4, what is -12121 - -10?
-12111
In base 2, what is 1000001111011111 + 1?
1000001111100000
In base 2, what is -101 + -10011101?
-10100010
In base 10, what is 0 - -1336?
1336
In base 10, what is -123 - 16?
-139
In base 4, what is 0 - -12?
12
In base 4, what is -13 - 120?
-133
In base 10, what is 3094 - 3?
3091
In base 8, what is -1 - 1611?
-1612
In base 9, what is -2 + -31?
-33
In base 12, what is 572 - -4?
576
In base 16, what is -aa4 - -2?
-aa2
In base 2, what is -10010 + -1100100?
-1110110
In base 13, what is c - 895?
-886
In base 5, what is 1430 + 2?
1432
In base 2, what is 10111 - 1001001?
-110010
I